{"id":40,"date":"2024-11-20T20:58:56","date_gmt":"2024-11-20T19:58:56","guid":{"rendered":"https:\/\/beachsoccerclubathois.be\/?page_id=40"},"modified":"2025-01-22T18:13:37","modified_gmt":"2025-01-22T17:13:37","slug":"a-propos","status":"publish","type":"page","link":"https:\/\/beachsoccerclubathois.be\/index.php\/a-propos\/","title":{"rendered":"A PROPOS"},"content":{"rendered":"\n<p><\/p>\n\n\n\n<div class=\"wp-block-nectar-blocks-row alignfull nectar-block nectar-blocks-row nectar-blocks-row__inner nectar-blocks-row__wrapper parent-block-block-4rfuAVZp2Z\" data-nectar-block-animation=\"{&quot;selector&quot;:&quot;.nectar-blocks-row__wrapper&quot;,&quot;scrollIntoView&quot;:{&quot;type&quot;:&quot;scrollIntoView&quot;,&quot;triggerDevices&quot;:[&quot;desktop&quot;,&quot;tablet&quot;,&quot;mobile&quot;],&quot;animation&quot;:{&quot;type&quot;:&quot;slide&quot;,&quot;playDirection&quot;:&quot;in&quot;,&quot;fromDirection&quot;:&quot;down&quot;},&quot;animationDurationSec&quot;:1.2,&quot;animationDelaySec&quot;:0.15,&quot;animationTimingFunction&quot;:[0.33,1,0.68,1]}}\" data-await-in-view-desktop=\"\" data-await-in-view-tablet=\"\" data-await-in-view-mobile=\"\" id=\"block-4rfuAVZp2Z\">\n<div class=\"wp-block-nectar-blocks-column nectar-blocks-column nectar-block\" id=\"block-hV9KH40djS\"><div class=\"nectar-blocks-column__inner nectar-blocks-column__content-wrap parent-block-block-hV9KH40djS nectar-blocks-column__wrapper\">\n<div class=\"wp-block-nectar-blocks-image-gallery nectar-blocks-image-gallery\" id=\"block-2UVFiA3b9V\"><div class=\"nectar-swiper swiper nectar-swiper--aspect-auto nectar-swiper--equal-height nectar-swiper--button-arrows nectar-swiper--animated-arrows\" data-settings=\"{&quot;initialSlide&quot;:0,&quot;touchStartPreventDefault&quot;:false,&quot;on&quot;:{},&quot;moduleDeps&quot;:[&quot;FreeMode&quot;],&quot;breakpoints&quot;:{&quot;0&quot;:{&quot;slidesPerView&quot;:&quot;auto&quot;,&quot;slidesPerGroup&quot;:1,&quot;centeredSlides&quot;:false,&quot;spaceBetween&quot;:&quot;2%&quot;},&quot;767&quot;:{&quot;slidesPerView&quot;:&quot;auto&quot;,&quot;slidesPerGroup&quot;:1,&quot;centeredSlides&quot;:false,&quot;spaceBetween&quot;:&quot;2%&quot;},&quot;1024&quot;:{&quot;slidesPerView&quot;:&quot;auto&quot;,&quot;centeredSlides&quot;:false,&quot;slidesPerGroup&quot;:1,&quot;spaceBetween&quot;:&quot;2%&quot;}},&quot;grabCursor&quot;:true,&quot;slidesPerView&quot;:&quot;auto&quot;,&quot;normalizeSlideIndex&quot;:false,&quot;speed&quot;:500,&quot;freeMode&quot;:{&quot;enabled&quot;:true},&quot;autoplay&quot;:false,&quot;scrollbarDraggableOption&quot;:true}\"><div class=\"swiper-wrapper\"><div class=\"swiper-slide\"><img loading=\"lazy\" decoding=\"async\" width=\"1024\" height=\"768\" class=\"wp-image-30\" src=\"http:\/\/beachsoccerclubathois.be\/wp-content\/uploads\/2024\/11\/462551973_1598065941096208_8113762217511751265_n-1024x768.jpg\" alt=\"\" srcset=\"https:\/\/beachsoccerclubathois.be\/wp-content\/uploads\/2024\/11\/462551973_1598065941096208_8113762217511751265_n-1024x768.jpg 1024w, https:\/\/beachsoccerclubathois.be\/wp-content\/uploads\/2024\/11\/462551973_1598065941096208_8113762217511751265_n-300x225.jpg 300w, https:\/\/beachsoccerclubathois.be\/wp-content\/uploads\/2024\/11\/462551973_1598065941096208_8113762217511751265_n-768x576.jpg 768w, https:\/\/beachsoccerclubathois.be\/wp-content\/uploads\/2024\/11\/462551973_1598065941096208_8113762217511751265_n-1536x1152.jpg 1536w, https:\/\/beachsoccerclubathois.be\/wp-content\/uploads\/2024\/11\/462551973_1598065941096208_8113762217511751265_n-800x600.jpg 800w, https:\/\/beachsoccerclubathois.be\/wp-content\/uploads\/2024\/11\/462551973_1598065941096208_8113762217511751265_n.jpg 2048w\" sizes=\"auto, (max-width: 1024px) 100vw, 1024px\" \/><\/div><div class=\"swiper-slide\"><img loading=\"lazy\" decoding=\"async\" width=\"768\" height=\"1024\" class=\"wp-image-27\" src=\"http:\/\/beachsoccerclubathois.be\/wp-content\/uploads\/2024\/11\/462638082_1495328308536631_4815798844677372423_n-768x1024.jpg\" alt=\"\" srcset=\"https:\/\/beachsoccerclubathois.be\/wp-content\/uploads\/2024\/11\/462638082_1495328308536631_4815798844677372423_n-768x1024.jpg 768w, https:\/\/beachsoccerclubathois.be\/wp-content\/uploads\/2024\/11\/462638082_1495328308536631_4815798844677372423_n-225x300.jpg 225w, https:\/\/beachsoccerclubathois.be\/wp-content\/uploads\/2024\/11\/462638082_1495328308536631_4815798844677372423_n-1152x1536.jpg 1152w, https:\/\/beachsoccerclubathois.be\/wp-content\/uploads\/2024\/11\/462638082_1495328308536631_4815798844677372423_n.jpg 1536w\" sizes=\"auto, (max-width: 768px) 100vw, 768px\" \/><\/div><div class=\"swiper-slide\"><img loading=\"lazy\" decoding=\"async\" width=\"768\" height=\"1024\" class=\"wp-image-29\" src=\"http:\/\/beachsoccerclubathois.be\/wp-content\/uploads\/2024\/11\/462560637_589457787098401_5460225064878606980_n-768x1024.jpg\" alt=\"\" srcset=\"https:\/\/beachsoccerclubathois.be\/wp-content\/uploads\/2024\/11\/462560637_589457787098401_5460225064878606980_n-768x1024.jpg 768w, https:\/\/beachsoccerclubathois.be\/wp-content\/uploads\/2024\/11\/462560637_589457787098401_5460225064878606980_n-225x300.jpg 225w, https:\/\/beachsoccerclubathois.be\/wp-content\/uploads\/2024\/11\/462560637_589457787098401_5460225064878606980_n-1152x1536.jpg 1152w, https:\/\/beachsoccerclubathois.be\/wp-content\/uploads\/2024\/11\/462560637_589457787098401_5460225064878606980_n.jpg 1536w\" sizes=\"auto, (max-width: 768px) 100vw, 768px\" \/><\/div><div class=\"swiper-slide\"><img decoding=\"async\" class=\"wp-image-20\" src=\"http:\/\/beachsoccerclubathois.be\/wp-content\/uploads\/2024\/11\/462583636_542424731959357_2292773359732459439_n-768x1024.jpg\" alt=\"\"\/><\/div><div class=\"swiper-slide\"><img loading=\"lazy\" decoding=\"async\" width=\"768\" height=\"1024\" class=\"wp-image-21\" src=\"http:\/\/beachsoccerclubathois.be\/wp-content\/uploads\/2024\/11\/465265937_857806356428120_7949182698753218522_n-768x1024.jpg\" alt=\"\" srcset=\"https:\/\/beachsoccerclubathois.be\/wp-content\/uploads\/2024\/11\/465265937_857806356428120_7949182698753218522_n-768x1024.jpg 768w, https:\/\/beachsoccerclubathois.be\/wp-content\/uploads\/2024\/11\/465265937_857806356428120_7949182698753218522_n-225x300.jpg 225w, https:\/\/beachsoccerclubathois.be\/wp-content\/uploads\/2024\/11\/465265937_857806356428120_7949182698753218522_n-1152x1536.jpg 1152w, https:\/\/beachsoccerclubathois.be\/wp-content\/uploads\/2024\/11\/465265937_857806356428120_7949182698753218522_n.jpg 1536w\" sizes=\"auto, (max-width: 768px) 100vw, 768px\" \/><\/div><div class=\"swiper-slide\"><img loading=\"lazy\" decoding=\"async\" width=\"768\" height=\"1024\" class=\"wp-image-22\" src=\"http:\/\/beachsoccerclubathois.be\/wp-content\/uploads\/2024\/11\/465186675_553998627367774_2005059488907722848_n-768x1024.jpg\" alt=\"\" srcset=\"https:\/\/beachsoccerclubathois.be\/wp-content\/uploads\/2024\/11\/465186675_553998627367774_2005059488907722848_n-768x1024.jpg 768w, https:\/\/beachsoccerclubathois.be\/wp-content\/uploads\/2024\/11\/465186675_553998627367774_2005059488907722848_n-225x300.jpg 225w, https:\/\/beachsoccerclubathois.be\/wp-content\/uploads\/2024\/11\/465186675_553998627367774_2005059488907722848_n-1152x1536.jpg 1152w, https:\/\/beachsoccerclubathois.be\/wp-content\/uploads\/2024\/11\/465186675_553998627367774_2005059488907722848_n.jpg 1536w\" sizes=\"auto, (max-width: 768px) 100vw, 768px\" \/><\/div><div class=\"swiper-slide\"><img loading=\"lazy\" decoding=\"async\" width=\"768\" height=\"1024\" class=\"wp-image-23\" src=\"http:\/\/beachsoccerclubathois.be\/wp-content\/uploads\/2024\/11\/462570594_1698570570720544_4206878664699442445_n-768x1024.jpg\" alt=\"\" srcset=\"https:\/\/beachsoccerclubathois.be\/wp-content\/uploads\/2024\/11\/462570594_1698570570720544_4206878664699442445_n-768x1024.jpg 768w, https:\/\/beachsoccerclubathois.be\/wp-content\/uploads\/2024\/11\/462570594_1698570570720544_4206878664699442445_n-225x300.jpg 225w, https:\/\/beachsoccerclubathois.be\/wp-content\/uploads\/2024\/11\/462570594_1698570570720544_4206878664699442445_n-1152x1536.jpg 1152w, https:\/\/beachsoccerclubathois.be\/wp-content\/uploads\/2024\/11\/462570594_1698570570720544_4206878664699442445_n.jpg 1536w\" sizes=\"auto, (max-width: 768px) 100vw, 768px\" \/><\/div><div class=\"swiper-slide\"><img loading=\"lazy\" decoding=\"async\" width=\"768\" height=\"1024\" class=\"wp-image-24\" src=\"http:\/\/beachsoccerclubathois.be\/wp-content\/uploads\/2024\/11\/462576224_590804873355415_4861316264384588914_n-768x1024.jpg\" alt=\"\" srcset=\"https:\/\/beachsoccerclubathois.be\/wp-content\/uploads\/2024\/11\/462576224_590804873355415_4861316264384588914_n-768x1024.jpg 768w, https:\/\/beachsoccerclubathois.be\/wp-content\/uploads\/2024\/11\/462576224_590804873355415_4861316264384588914_n-225x300.jpg 225w, https:\/\/beachsoccerclubathois.be\/wp-content\/uploads\/2024\/11\/462576224_590804873355415_4861316264384588914_n-1152x1536.jpg 1152w, https:\/\/beachsoccerclubathois.be\/wp-content\/uploads\/2024\/11\/462576224_590804873355415_4861316264384588914_n.jpg 1536w\" sizes=\"auto, (max-width: 768px) 100vw, 768px\" \/><\/div><div class=\"swiper-slide\"><img loading=\"lazy\" decoding=\"async\" width=\"768\" height=\"1024\" class=\"wp-image-26\" src=\"http:\/\/beachsoccerclubathois.be\/wp-content\/uploads\/2024\/11\/462567883_880516504189104_237607824303191680_n-768x1024.jpg\" alt=\"\" srcset=\"https:\/\/beachsoccerclubathois.be\/wp-content\/uploads\/2024\/11\/462567883_880516504189104_237607824303191680_n-768x1024.jpg 768w, https:\/\/beachsoccerclubathois.be\/wp-content\/uploads\/2024\/11\/462567883_880516504189104_237607824303191680_n-225x300.jpg 225w, https:\/\/beachsoccerclubathois.be\/wp-content\/uploads\/2024\/11\/462567883_880516504189104_237607824303191680_n-1152x1536.jpg 1152w, https:\/\/beachsoccerclubathois.be\/wp-content\/uploads\/2024\/11\/462567883_880516504189104_237607824303191680_n.jpg 1536w\" sizes=\"auto, (max-width: 768px) 100vw, 768px\" \/><\/div><div class=\"swiper-slide\"><img loading=\"lazy\" decoding=\"async\" width=\"768\" height=\"1024\" class=\"wp-image-32\" src=\"http:\/\/beachsoccerclubathois.be\/wp-content\/uploads\/2024\/11\/462648729_892806739608584_3869557515904575394_n-768x1024.jpg\" alt=\"\" srcset=\"https:\/\/beachsoccerclubathois.be\/wp-content\/uploads\/2024\/11\/462648729_892806739608584_3869557515904575394_n-768x1024.jpg 768w, https:\/\/beachsoccerclubathois.be\/wp-content\/uploads\/2024\/11\/462648729_892806739608584_3869557515904575394_n-225x300.jpg 225w, https:\/\/beachsoccerclubathois.be\/wp-content\/uploads\/2024\/11\/462648729_892806739608584_3869557515904575394_n-1152x1536.jpg 1152w, https:\/\/beachsoccerclubathois.be\/wp-content\/uploads\/2024\/11\/462648729_892806739608584_3869557515904575394_n.jpg 1536w\" sizes=\"auto, (max-width: 768px) 100vw, 768px\" \/><\/div><div class=\"swiper-slide\"><img loading=\"lazy\" decoding=\"async\" width=\"768\" height=\"1024\" class=\"wp-image-33\" src=\"http:\/\/beachsoccerclubathois.be\/wp-content\/uploads\/2024\/11\/462638450_1104916324414323_4558250554067059383_n-768x1024.jpg\" alt=\"\" srcset=\"https:\/\/beachsoccerclubathois.be\/wp-content\/uploads\/2024\/11\/462638450_1104916324414323_4558250554067059383_n-768x1024.jpg 768w, https:\/\/beachsoccerclubathois.be\/wp-content\/uploads\/2024\/11\/462638450_1104916324414323_4558250554067059383_n-225x300.jpg 225w, https:\/\/beachsoccerclubathois.be\/wp-content\/uploads\/2024\/11\/462638450_1104916324414323_4558250554067059383_n-1152x1536.jpg 1152w, https:\/\/beachsoccerclubathois.be\/wp-content\/uploads\/2024\/11\/462638450_1104916324414323_4558250554067059383_n.jpg 1536w\" sizes=\"auto, (max-width: 768px) 100vw, 768px\" \/><\/div><div class=\"swiper-slide\"><img loading=\"lazy\" decoding=\"async\" width=\"768\" height=\"1024\" class=\"wp-image-34\" src=\"http:\/\/beachsoccerclubathois.be\/wp-content\/uploads\/2024\/11\/467391615_473764815724151_3773584102454615778_n-768x1024.jpg\" alt=\"\" srcset=\"https:\/\/beachsoccerclubathois.be\/wp-content\/uploads\/2024\/11\/467391615_473764815724151_3773584102454615778_n-768x1024.jpg 768w, https:\/\/beachsoccerclubathois.be\/wp-content\/uploads\/2024\/11\/467391615_473764815724151_3773584102454615778_n-225x300.jpg 225w, https:\/\/beachsoccerclubathois.be\/wp-content\/uploads\/2024\/11\/467391615_473764815724151_3773584102454615778_n-1152x1536.jpg 1152w, https:\/\/beachsoccerclubathois.be\/wp-content\/uploads\/2024\/11\/467391615_473764815724151_3773584102454615778_n.jpg 1536w\" sizes=\"auto, (max-width: 768px) 100vw, 768px\" \/><\/div><\/div><\/div><\/div>\n<\/div><\/div>\n<\/div>\n\n\n\n<p><\/p>\n\n\n\n<div class=\"wp-block-group alignfull has-white-background-color has-background is-layout-flow wp-block-group-is-layout-flow\" style=\"padding-top:6vw;padding-right:6vw;padding-bottom:6vw;padding-left:6vw\">\n<div class=\"wp-block-group is-vertical is-nowrap is-layout-flex wp-container-core-group-is-layout-287ef9cb wp-block-group-is-layout-flex\" style=\"padding-right:0;padding-left:0\">\n<h6 class=\"wp-block-heading has-text-color\" id=\"ecosystem\" style=\"color:#000000;font-size:16px\">EN SAVOIR PLUS SUR NOTRE  CLUB<\/h6>\n\n\n\n<p class=\"has-text-color\" style=\"color:#000000;font-size:6vw;font-style:normal;font-weight:700;letter-spacing:0px;line-height:0.9;text-decoration:none;text-transform:none\">PLACE AU BEACH SOCCER !<\/p>\n<\/div>\n\n\n\n<div style=\"height:1vw\" aria-hidden=\"true\" class=\"wp-block-spacer\"><\/div>\n\n\n\n<div class=\"wp-block-group alignwide is-vertical is-nowrap is-layout-flex wp-container-core-group-is-layout-8171334d wp-block-group-is-layout-flex\" style=\"padding-top:0;padding-right:0;padding-bottom:0;padding-left:0\">\n<div class=\"wp-block-columns alignwide is-layout-flex wp-container-core-columns-is-layout-2656d967 wp-block-columns-is-layout-flex\">\n<div class=\"wp-block-column is-layout-flow wp-block-column-is-layout-flow\" style=\"flex-basis:33.38%\">\n<p class=\"has-text-color\" style=\"color:#000000;font-size:17px\"><\/p>\n\n\n\n<p id=\"block-Pi34PyEIT8\" class=\"wp-block-nectar-blocks-text nectar-blocks-text nectar-font-h1 has-text-highlight\"><strong><span class=\"nectar-blocks-text__highlight nectar-blocks-text__highlight--underline\">\u00ab\u00a0Apr\u00e8s le football, et le mini-foot, le Beach Soccer\u00a0!\u00a0\u00bb<\/span><\/strong><\/p>\n\n\n\n<p id=\"block-n4NPAO1f1d\" class=\"wp-block-nectar-blocks-text nectar-blocks-text\">Le Beach soccer fait son apparition au d\u00e9but des ann\u00e9es 90 sur les plages, mais c\u2019est seulement en 2004 qu\u2019est organis\u00e9e la premi\u00e8re Coupe du Monde de Beach Soccer. Au niveau belge, ce n\u2019est qu\u2019en 2018 qu\u2019a \u00e9t\u00e9 relanc\u00e9e cette discipline avec la cr\u00e9ation d\u2019une Division 1 constitu\u00e9e de dix\/douze \u00e9quipes. Ces clubs se r\u00e9partissent sur les r\u00e9gions du Brabant Wallon et en Flandre. L\u2019engouement se cr\u00e9e autour de cette discipline, notamment gr\u00e2ce \u00e0 la visibilit\u00e9 et notori\u00e9t\u00e9 acquises sur la sc\u00e8ne internationale avec la participation de 4 \u00e9quipes belges \u00e0 l\u2019Euro et la Coupe du Monde en 2023.<\/p>\n\n\n\n<p id=\"block-fUAFURPmdv\" class=\"wp-block-nectar-blocks-text nectar-blocks-text\"><strong>Beach Soccer Club Athois<\/strong>, un <strong>projet innovateur <\/strong>mais surtout <strong>ambitieux<\/strong><\/p>\n\n\n\n<p id=\"block-KtQmgkOoR8\" class=\"wp-block-nectar-blocks-text nectar-blocks-text\"><em>\u00ab\u00a0Une adh\u00e9sion \u00e0 la Division 1 Belge, <\/em><br><em>et un objectif d\u2019Euro Winner Cup\u00a0\u00bb<\/em><\/p>\n\n\n\n<p id=\"block-YRTf8cHLWj\" class=\"wp-block-nectar-blocks-text nectar-blocks-text\">Si le \u00ab\u00a0Beach Soccer Club Athois\u00a0\u00bb voit le jour, il adh\u00e9rera directement \u00e0 la Division 1 Belge, avec la visibilit\u00e9 qui en d\u00e9coule. Mais l\u2019ambition du jeune comit\u00e9 ne s\u2019arr\u00eate pas l\u00e0, puisqu\u2019 une possible participation au championnat d\u2019Europe, d\u00e8s 2025, est possible en cas de bon classement dans le championnat national.<\/p>\n\n\n\n<p class=\"has-text-color\" style=\"color:#000000;font-size:17px\"><\/p>\n<\/div>\n\n\n\n<div class=\"wp-block-column is-layout-flow wp-block-column-is-layout-flow\" style=\"flex-basis:33%\">\n<div style=\"height:2vw\" aria-hidden=\"true\" class=\"wp-block-spacer\"><\/div>\n\n\n\n<figure class=\"wp-block-image size-large\"><img loading=\"lazy\" decoding=\"async\" width=\"768\" height=\"1024\" src=\"http:\/\/beachsoccerclubathois.be\/wp-content\/uploads\/2024\/11\/462560637_589457787098401_5460225064878606980_n-768x1024.jpg\" alt=\"\" class=\"wp-image-29\" srcset=\"https:\/\/beachsoccerclubathois.be\/wp-content\/uploads\/2024\/11\/462560637_589457787098401_5460225064878606980_n-768x1024.jpg 768w, https:\/\/beachsoccerclubathois.be\/wp-content\/uploads\/2024\/11\/462560637_589457787098401_5460225064878606980_n-225x300.jpg 225w, https:\/\/beachsoccerclubathois.be\/wp-content\/uploads\/2024\/11\/462560637_589457787098401_5460225064878606980_n-1152x1536.jpg 1152w, https:\/\/beachsoccerclubathois.be\/wp-content\/uploads\/2024\/11\/462560637_589457787098401_5460225064878606980_n.jpg 1536w\" sizes=\"auto, (max-width: 768px) 100vw, 768px\" \/><\/figure>\n<\/div>\n\n\n\n<div class=\"wp-block-column is-layout-flow wp-block-column-is-layout-flow\" style=\"flex-basis:33.62%\">\n<figure class=\"wp-block-image size-large\"><img loading=\"lazy\" decoding=\"async\" width=\"768\" height=\"1024\" src=\"http:\/\/beachsoccerclubathois.be\/wp-content\/uploads\/2024\/11\/462570594_1698570570720544_4206878664699442445_n-768x1024.jpg\" alt=\"\" class=\"wp-image-23\" srcset=\"https:\/\/beachsoccerclubathois.be\/wp-content\/uploads\/2024\/11\/462570594_1698570570720544_4206878664699442445_n-768x1024.jpg 768w, https:\/\/beachsoccerclubathois.be\/wp-content\/uploads\/2024\/11\/462570594_1698570570720544_4206878664699442445_n-225x300.jpg 225w, https:\/\/beachsoccerclubathois.be\/wp-content\/uploads\/2024\/11\/462570594_1698570570720544_4206878664699442445_n-1152x1536.jpg 1152w, https:\/\/beachsoccerclubathois.be\/wp-content\/uploads\/2024\/11\/462570594_1698570570720544_4206878664699442445_n.jpg 1536w\" sizes=\"auto, (max-width: 768px) 100vw, 768px\" \/><\/figure>\n<\/div>\n<\/div>\n\n\n\n<div class=\"wp-block-columns alignwide is-layout-flex wp-container-core-columns-is-layout-724a882f wp-block-columns-is-layout-flex\">\n<div class=\"wp-block-column is-layout-flow wp-block-column-is-layout-flow\" style=\"flex-basis:69%\">\n<figure class=\"wp-block-image size-large\"><img loading=\"lazy\" decoding=\"async\" width=\"1024\" height=\"865\" src=\"http:\/\/beachsoccerclubathois.be\/wp-content\/uploads\/2024\/11\/clementhd-1024x865.jpg\" alt=\"\" class=\"wp-image-15\" srcset=\"https:\/\/beachsoccerclubathois.be\/wp-content\/uploads\/2024\/11\/clementhd-1024x865.jpg 1024w, https:\/\/beachsoccerclubathois.be\/wp-content\/uploads\/2024\/11\/clementhd-300x254.jpg 300w, https:\/\/beachsoccerclubathois.be\/wp-content\/uploads\/2024\/11\/clementhd-768x649.jpg 768w, https:\/\/beachsoccerclubathois.be\/wp-content\/uploads\/2024\/11\/clementhd.jpg 1459w\" sizes=\"auto, (max-width: 1024px) 100vw, 1024px\" \/><\/figure>\n<\/div>\n\n\n\n<div class=\"wp-block-column is-vertically-aligned-center is-layout-flow wp-block-column-is-layout-flow\" style=\"flex-basis:33%\">\n<div style=\"height:2vw\" aria-hidden=\"true\" class=\"wp-block-spacer\"><\/div>\n\n\n\n<p class=\"has-text-color\" style=\"color:#000000;font-size:17px\"><\/p>\n\n\n\n<p id=\"block-EFWJWH626m\" class=\"wp-block-nectar-blocks-text nectar-blocks-text nectar-font-h1 has-text-highlight\"><strong><span class=\"nectar-blocks-text__highlight nectar-blocks-text__highlight--underline\">Et les jeunes dans tout cela\u00a0?<\/span><\/strong><\/p>\n\n\n\n<p id=\"block-JU8UATWjmr\" class=\"wp-block-nectar-blocks-text nectar-blocks-text nectar-font-body\">Bien que l\u2019ambition du projet soit de porter l\u2019\u00e9quipe adulte au plus du pays voire du continent, le jeune comit\u00e9 reste les pieds sur terre avec la volont\u00e9 de d\u00e9velopper la discipline \u00e0 l\u2019\u00e9chelon local et d\u2019int\u00e9grer la jeunesse athoise. Des journ\u00e9es d\u00e9couvertes, des stages ou encore la cr\u00e9ation d\u2019\u00e9quipes de jeunes sont de r\u00e9els projets avanc\u00e9s sur la table.<\/p>\n\n\n\n<p class=\"has-text-color\" style=\"color:#000000;font-size:17px\"><\/p>\n<\/div>\n<\/div>\n<\/div>\n<\/div>\n\n\n\n<p><\/p>\n","protected":false},"excerpt":{"rendered":"<p>EN SAVOIR PLUS SUR NOTRE CLUB PLACE AU BEACH SOCCER !<\/p>\n","protected":false},"author":1,"featured_media":0,"parent":0,"menu_order":0,"comment_status":"closed","ping_status":"closed","template":"","meta":{"_nectar_blocks_hide_post_title":true,"_nectar_blocks_transparent_header_effect":false,"_nectar_blocks_transparent_header_effect_color":"light","_nectar_blocks_header_animation":false,"_nectar_blocks_header_animation_effect":"fade","_nectar_blocks_page_css":"","_nectar_blocks_page_js":"","footnotes":""},"class_list":["post-40","page","type-page","status-publish"],"_links":{"self":[{"href":"https:\/\/beachsoccerclubathois.be\/index.php\/wp-json\/wp\/v2\/pages\/40","targetHints":{"allow":["GET"]}}],"collection":[{"href":"https:\/\/beachsoccerclubathois.be\/index.php\/wp-json\/wp\/v2\/pages"}],"about":[{"href":"https:\/\/beachsoccerclubathois.be\/index.php\/wp-json\/wp\/v2\/types\/page"}],"author":[{"embeddable":true,"href":"https:\/\/beachsoccerclubathois.be\/index.php\/wp-json\/wp\/v2\/users\/1"}],"replies":[{"embeddable":true,"href":"https:\/\/beachsoccerclubathois.be\/index.php\/wp-json\/wp\/v2\/comments?post=40"}],"version-history":[{"count":3,"href":"https:\/\/beachsoccerclubathois.be\/index.php\/wp-json\/wp\/v2\/pages\/40\/revisions"}],"predecessor-version":[{"id":210,"href":"https:\/\/beachsoccerclubathois.be\/index.php\/wp-json\/wp\/v2\/pages\/40\/revisions\/210"}],"wp:attachment":[{"href":"https:\/\/beachsoccerclubathois.be\/index.php\/wp-json\/wp\/v2\/media?parent=40"}],"curies":[{"name":"wp","href":"https:\/\/api.w.org\/{rel}","templated":true}]}}